 36 = 2*g - 119, 2*t + 4*g + 130 = 0. Let f = -37 - t. Let j = 13 - f. Let r(p) = p**3 + 6*p**2 + 5*p + 5. Determine r(j).
5
Let h(z) = -z**2 - 9*z + 17. Let q be h(-8). Suppose -4*r = -9*r + q. Let w(i) be the second derivative of -i**4/12 + 5*i**3/6 + 7*i**2/2 + i. Give w(r).
7
Let x(j) = -j**2 + 11*j - 5. Let z(h) = -h**3 - 2*h**2 + 2. Let a be z(-3). Give x(a).
-5
Let g(n) = 1 - n**3 - 3 - 7 - 2*n - 6*n**2. Let c be (-2)/(108/57 + -2). Suppose -5 = 4*m + c. What is g(m)?
3
Let v(u) = -9*u**2 + 1 + 8*u**2 - u + 6*u**2 - 2*u**2. Let o = 0 - -1. What is v(o)?
3
Let k = 626 + -624. Let x(n) = -3*n**2 + 2*n - 2. Calculate x(k).
-10
Let r(c) = -5*c - 13. Let j = -150 + 156. Calculate r(j).
-43
Let j(t) = -t**3 + 5*t**2 - t. Let o be 1/(-1) - 0 - -3. Suppose -2*s - o*s + 24 = 0. Suppose -4 = -5*y + s. Calculate j(y).
10
Let q(y) = -y**3 + y**2 - y + 8. Let k(v) = 2*v**3 + 25*v**2 + 15*v - 15. Let f be k(-12). Let u = f - -51. Determine q(u).
8
Suppose 101*r - 3 = 104*r. Let q(y) be the first derivative of -y**4/4 - 2*y**3/3 - y**2/2 + 1. Give q(r).
0
Let i be -3*(2*-1 + 1). Let l(u) = 17*u**3 + 12*u**3 - 30*u**3 + 3 - 3*u**2 - 3*u + 2*u + 5*u**2. What is l(i)?
-9
Let d(x) = x - 24. Suppose 3*n = k - 4*k, -3*k = -n. Give d(k).
-24
Let z(k) = k**3 - 2*k**2 + k. Let r be z(1). Suppose r = -2*o - 13 + 7. Let t(p) = -5*p. Calculate t(o).
15
Let d be 2*(-245)/20*(-24)/(-14). Let h be (d/(-9))/(12/(-18)). Let x(j) = -j - 9. Calculate x(h).
-2
Let b(q) = -q**2 - 3*q - 3. Suppose -3*h = -0*s + 2*s, 2 = -2*s - 2*h. Let n be (s - 1)*(-2)/4. Suppose l - 5 = u, 2*l + 0 = -u - n. Determine b(u).
-7
Suppose -3*t - 2*m + 8 = -0*m, -5*m = 4*t + 1. Let w(l) = -l**2 + 8*l - 11. Give w(t).
1
Let p(o) be the first derivative of o**4/2 + 4*o**3/3 + o**2/2 - 2*o - 3. Suppose -a + 12 = -6. Let r = a + -20. Calculate p(r).
-4
Let b(h) be the first derivative of 23 + 6*h - 1/2*h**2. Give b(5).
1
Suppose 11*k - 16 = -2*h + 10*k, 5*h - 5*k = 25. Let v(z) = z**2 - 8*z + 18. What is v(h)?
11
Let h(p) be the second derivative of p**5/5 - p**4/12 - p**3/2 + p**2/2 - 353*p. Determine h(2).
23
Let o(d) = d + 1020 - 2*d - 1018 - 3*d. Calculate o(3).
-10
Let p(k) = -16*k**2 + 14*k + 51. Let a(r) = -3*r**2 + 3*r + 10. Let u(y) = -11*a(y) + 2*p(y). Let w = 315 + -308. Calculate u(w).
6
Let v = -24 - -17. Let f(o) be the first derivative of -o**4/4 - 7*o**3/3 + o**2/2 - o + 8. Give f(v).
-8
Suppose 125*y + 32 = 133*y. Let s(l) = -5*l + 2. What is s(y)?
-18
Let b be 1*-4*5/(-4). Let x(p) = -3 + 4 - 1604*p - 5 + 1606*p + 1. What is x(b)?
7
Let d(n) = -6*n + 4. Let s(y) = 3*y - 2. Let u(q) = -3*d(q) - 5*s(q). Let i be u(2). Let m(l) = -l**2 + 4*l + 4. Calculate m(i).
4
Suppose -6*s - 240 = -228. Let g(j) = -33*j - 1. What is g(s)?
65
Let a = 979 - 971. Let q(l) = -l**3 + 7*l**2 + 2*l - 11. What is q(a)?
-59
Let u(c) = -c**3 - 18*c**2 + c + 9. Let h be u(-18). Let b be (-2)/h + (-572)/(-18). Let m = b - 34. Let x(a) = -2*a**2 - a - 1. What is x(m)?
-7
Let y(l) be the third derivative of 3*l**7/280 + l**6/360 + l**5/120 + l**4/24 + 9*l**3/2 + 14*l**2. Let t(i) be the first derivative of y(i). What is t(-1)?
-8
Let v(u) = u**2 + 6*u + 3. Let h(z) be the second derivative of -3/2*z**2 - 1/12*z**4 + 0 + 8*z + 2/3*z**3. Let j be h(4). Determine v(j).
-6
Let k(f) be the second derivative of -f**5/20 + 5*f**4/12 + 5*f**3/6 + 2*f**2 + 329*f. Let b be 23/4 - 4/(-16). Give k(b).
-2
Let n be (-30)/3*1 + -3. Let o = n + 14. Let h(b) = 8*b + o + 2*b - b - 3*b. Determine h(-2).
-11
Let v(n) = -n**2 - 13*n - 2. Let d be v(-13). Let o be d/(-5) - 48/(-30). Let r(b) = 2*b + 3 - o + 4. What is r(-4)?
-3
Let f(h) be the first derivative of -h**3/3 - h**2/2 - 5*h - 243. What is f(5)?
-35
Let d(p) = 7*p**2 - 3*p + 12. Let s(f) = f**2 + f + 1. Let m(i) = d(i) - 6*s(i). Suppose -6*h + 36 = -0. Determine m(h).
-12
Let w be (7 - (-145)/(-15))*-1*3. Let i(t) = -t**3 + 8*t**2 - 3*t + 10. What is i(w)?
-14
Suppose 2*w - 4*w = -8. Let l(q) = -q**2 + 2. What is l(w)?
-14
Let m(v) = -3*v - 4. Suppose -13 = 2*u + 5*c - 0*c, 4*c = -5*u - 24. Calculate m(u).
8
Let v(z) be the second derivative of z**5/30 - z**4/8 + 2*z**3/3 - 13*z**2/2 - 40*z. Let c(o) be the first derivative of v(o). What is c(4)?
24
Let c(a) be the third derivative of -a**8/5040 + a**7/5040 + a**6/720 + 9*a**5/10 + 33*a**2. Let d(q) be the third derivative of c(q). What is d(-1)?
-4
Let z(k) = k**2 - 6*k - 4. Let n(i) = 4*i**2 - 4*i + 15. Let q be n(10). Let t be (4/(-5))/((-30)/q). Let j be (12 + -7)*14/t. Determine z(j).
3
Let p(d) be the first derivative of -5/2*d**2 + 2 - 3*d. Give p(-3).
12
Let f be (3/(-4))/(15/(-40)). Let z(m) = -m**3 + 328*m + 10 + 7*m**f - 328*m. What is z(7)?
10
Let c(p) = -12*p**2. Let w(q) = q**2 + 5*q - 11. Let d be w(-8). Suppose 10 + 2 = 2*h + 2*a, 3*a = 2*h + d. Calculate c(h).
-12
Let y be 8 - ((-18)/(-3) - 0). Let x(n) be the second derivative of -3/2*n**y + 0 - 1/6*n**3 - 2*n. What is x(-2)?
-1
Let d(o) = 2*o**3 - 6*o**2 + 17*o + 8. Let g(z) = 3*z**3 - 4*z**2 + 18*z + 7. Let r(y) = -4*d(y) + 3*g(y). What is r(-13)?
2
Let z(b) = 2*b - 5. Let f be z(5). Let r(g) = 0 + 17 - f + g. Let w(j) = -3*j + 10. Let d be w(5). What is r(d)?
7
Let b(g) = g**2 - 3*g + 1. Let d(z) = 2*z + 14. Let o be d(-6). Suppose 0 = -3*s + 10 + o. Give b(s).
5
Let c(f) = -f**2 + 75 + 94 + 20*f - 189. Give c(19).
-1
Let q(h) = 3*h**3 + 4*h**2 + h - 2. Let l(s) = -9*s + 4. Let z be l(0). Suppose -2*o - 2 = 2*c - 6, 2*c = -4*o - 4. Suppose z*p = p - c. Give q(p).
-12
Let c(o) = o**3 + 6*o**2 - 6*o + 6. Let r be c(-7). Let y(q) = -q**2. Let k(i) = 3*i**2 - 7*i - 6. Let b(p) = r*k(p) - 4*y(p). Determine b(-6).
0
Let p(a) = a**2 + 2*a - 1. Let r be p(-3). Let s(k) = -k**2 + 5*k**2 + k**3 - 11*k**r - 8 + k. Suppose -w - 4*w + 35 = 0. Calculate s(w).
-1
Suppose 0*d + 8 = 2*d - 2*x, -5*x + 28 = 3*d. Let k(f) be the second derivative of -f + 1/12*f**4 + 3/2*f**2 + 0 - f**3. Determine k(d).
3
Suppose 5*a - 3*d - 8 = 18, -5*d = -2*a + 18. Suppose a*c - 2*h = -5*h + 81, 0 = 5*c + 4*h - 100. Let w(q) = 7*q - 4*q**2 + c + 3*q**2 - 30. Determine w(6).
0
Suppose 9 = 4*t - 11. Let s(z) = 4*z + 7 - t + 2 - z**2. Let f be -6*(4/(-6) + 0). What is s(f)?
4
Let k(z) = z - 2. Let a(l) = -19. Let d(h) = a(h) - 4*k(h). Determine d(0).
-11
Let f(b) be the first derivative of b**4/12 + b**3/2 + b**2/2 - 21*b + 20. Let j(y) be the first derivative of f(y). Give j(-4).
5
Let d(q) = -q**3 - 6*q**2 + q + 8. Let a be d(-6). Let z(m) = 14*m + 6. Let r(n) = -6*n - 3. Let f(k) = -9*r(k) - 4*z(k). Determine f(a).
-1
Let d be (0 - -1)*(17 - 21). Let j(z) = z + 6. Let y(t) = 3*t + 19. Let b = 1 - -1. Let w(a) = b*y(a) - 7*j(a). Determine w(d).
0
Suppose -80*k + 84*k - 20 = 0. Let g(x) be the second derivative of k*x + 3/2*x**2 - 2/3*x**3 + 0. What is g(3)?
-9
Let l(p) = -p + 8. Suppose -3*x + 18 = -4*s, -2*x + 2*s = 2*x - 14. What is l(x)?
6
Suppose 2*d = -8, 24 = 4*k - 5*d + 8*d. Let a(n) = -n**2 + 10*n - 9. Let p be a(k). Let o(u) = u**2 - u + 9. Calculate o(p).
9
Let u be -2*(-8 + 1) + 3/3. Suppose -20*n = -15*n - u. Let g(z) = 5*z - 1. Calculate g(n).
14
Let j(h) be the third derivative of 0 + 1/24*h**4 + 0*h - 5*h**2 + 5/6*h**3. Suppose 4*q + 4 = 4*x, 0*x - 6 = -2*x + 3*q. What is j(x)?
2
Let x(v) be the first derivative of 5*v**4/4 - 4*v**3/3 + 2*v**2 - 3*v + 5. Let q(b) = b**2 - b + 1. Let s(o) = 4*q(o) + x(o). Calculate s(-1).
-4
Suppose -8*h + 67 - 11 = 0. Let s(z) = -5 - 6*z + 2 + h*z - 6. Calculate s(8).
-1
Let o(k) be the second derivative of -k**4/12 + 3*k**3/2 - 7*k**2 + 10*k - 3. Give o(6).
4
Let f be (-313)/(-5) + 2 - 10/(-25). Let d = 72 - f. Let a(i) = -i**3 + 6*i**2 + 5*i + 8. Calculate a(d).
-6
Let i(b) = 24 + b**3 - b - 3*b - 30 + 7*b**2 - 12*b**2. Determine i(6).
6
Let w(t) = -4*t**2 - 124*t - 121. Let p be w(-30). Let y(l) = 3*l**2. What is y(p)?
3
Let o(j) = j - 7. Suppose 2*p - 21 - 7 = 0. Suppose p*c - 21 = 11*c. Determine o(c).
0
Let d(h) = h**3 - 4*h**2 - 5*h - 1. Let x be d(5). Let b(s) be the third derivative of s**5/15 + s**3/6 + 36*s**2 - 3*s. What is b(x)?
5
Let q(l) = -3*l + 3. Let j be q(-2). Let p = -7 + j. Let v(w) = p*w + w - w - 4*w - 2. Determine v(-2).
2
Let g(s) = -5*s**3 - 8*s**2 - s + 2. Let k(z) = -11*z**3 - 18*z**2 - 2*z + 6. Let p(u)